et a be (0 + (-2)/6)*(-49 + 10). Suppose 0 = t + 3, 3*t - 266 = -4*f + 5*t. What is the highest common factor of a and f?
13
Let q be (-12)/(-120)*5*(1 - -21). Let l(m) = -9*m + 5. Let i be l(-8). Calculate the highest common divisor of q and i.
11
Suppose 0 = 9*p + 12 + 15. Let m(b) = -2*b**3 - 7*b**2 - 11*b - 4. Let t be m(p). What is the greatest common factor of 10 and t?
10
Let p = -62 + 77. Let c = -79 + 139. Calculate the greatest common divisor of p and c.
15
Suppose -33 - 39 = -5*h + 2*n, 0 = -2*h - 5*n + 52. Calculate the highest common factor of 136 and h.
8
Suppose -2 = -2*u + 8. Suppose -u*g + 47 = -28. Calculate the greatest common factor of 165 and g.
15
Suppose 574 - 517 = 3*p. Calculate the greatest common factor of p and 361.
19
Let w(m) = 2*m - 5. Let s be w(4). Suppose 5*k - 2*p = 73, -5*p + 0*p + 19 = s*k. Calculate the highest common divisor of k and 130.
13
Suppose -6*h + 3*h + 420 = 0. Suppose -y - h = -5*y. Calculate the greatest common divisor of y and 5.
5
Suppose 35*u = 44*u - 117. Calculate the highest common divisor of u and 2.
1
Suppose -5*t + 172 = -w, 7*t - 90 = 4*t + 5*w. What is the greatest common factor of t and 28?
7
Suppose d + 40 = -3*b + 369, -d = -3*b + 319. Let l = -937 - -973. Calculate the highest common divisor of l and b.
36
Let h = -11 - -11. Suppose 0 = -4*d - h*d. Suppose d = -3*k - k + 4. What is the greatest common divisor of 1 and k?
1
Suppose 11*u + 232 = -43. Let w be (-94)/(-4) - u/10. Calculate the greatest common divisor of w and 26.
26
Let l(o) be the second derivative of 10*o**3/3 - 3*o**2 - o. Let r be l(-6). Let k be 28/r + (-56)/(-9). Calculate the highest common factor of k and 48.
6
Let d(u) = 2*u**2 + 36*u - 11. Let j be d(-19). What is the highest common divisor of j and 2?
1
Let y(g) = -g**3 - g**2 - 2*g - 6. Suppose c + 1 = 0, 4*z - 2*c - 14 + 24 = 0. Let h be y(z). Calculate the highest common divisor of h and 54.
18
Let f(y) = y**2 - 6*y + 2. Let p be f(7). Let x be (18/(-8))/((-139)/(-28) - 5). What is the highest common divisor of x and p?
9
Let w be (7 + 3/(-3))*(-1)/(-2). Suppose q - 10 - 15 = -u, -w*u + q + 87 = 0. What is the highest common divisor of u and 28?
28
Let v(d) = -d**3 - 19*d**2 + 1. Let j be (5 + -1)*(-133)/28. Let t be v(j). Let w be (-8)/(-1) - (3 + -2). Calculate the greatest common divisor of w and t.
1
Let w be 0/4 + -1 - -1. Suppose 5*x + 3*a + 106 = w, 0 = 3*a - 3 - 6. Let p = -3 - x. Calculate the greatest common divisor of p and 220.
20
Let d = -378 - -384. Let t(m) = 4*m**3 - m**2 + m - 1. Suppose 2*u + 3*u - 5 = 0. Let l be t(u). Calculate the greatest common divisor of d and l.
3
Suppose -43*v - 84 = -45*v. Calculate the greatest common factor of v and 63.
21
Let j = 40 - 16. Suppose 0 = -4*g - 5*o + 12, 0 = g - 4*o - j. What is the highest common factor of 72 and g?
8
Let g = -351 + 361. Let v(u) = -u**2 - 15*u + 1. Let q be v(-11). What is the highest common divisor of q and g?
5
Let k = -65 + 78. Calculate the highest common factor of 234 and k.
13
Suppose -14 = b + 6*b. Let u be 8/(b/20*7/(-14)). What is the greatest common divisor of u and 64?
32
Suppose 2*s - 5 + 2 = -h, 3*s + 56 = 4*h. Suppose 0 = -3*f - 2*r + 268, 2*f - 4*r - 166 = r. Calculate the highest common factor of f and h.
11
Suppose 3*d = 4*y - 197, 0 = 4*y - d - 91 - 100. Suppose -3*j = -y + 2. Let o = 6559 + -6554. Calculate the highest common divisor of o and j.
5
Suppose 3*h + 9 = 0, -13 - 5 = -3*g - 2*h. Let w(p) = -p + 6. Let y be w(6). Suppose y = 4*j - 50 - 206. Calculate the highest common divisor of j and g.
8
Let y(r) = 21*r + 3. Suppose 4*o = 4*x - 16, -8*x = 4*o - 4*x - 24. Let m be y(o). Calculate the highest common factor of 4 and m.
4
Let m = -10 - -13. Suppose -m*d + 2*f + 505 = -2*f, -4*d - 3*f = -690. Calculate the greatest common divisor of 19 and d.
19
Suppose 5*s + 25 = -2*b, 4*b - 2*s + 7*s + 25 = 0. Suppose b = -4*x + 3*v + 1200, 2*x - v - 592 = 6. What is the greatest common divisor of 27 and x?
27
Let j(r) = -135*r + 29. Let l be j(-3). Let w be l/8 + (-8)/96*3. What is the highest common divisor of w and 90?
18
Suppose -11*t - 406 = -1264. Calculate the highest common divisor of 48 and t.
6
Suppose 8 - 33 = -g. Let c = g + -18. What is the greatest common factor of 77 and c?
7
Let b be 34/7 + (-25)/(-175). Calculate the greatest common factor of b and 80.
5
Let f be 143 - -1 - (-5 + -1). Calculate the greatest common factor of 6 and f.
6
Suppose 99 = 5*s + 2*u + 11, 0 = 5*s - 4*u - 94. Let j = -12 - -15. Let q = j - -3. What is the highest common divisor of s and q?
6
Let x(n) = -3*n**2 + 31*n + 44. Let d be x(10). Calculate the greatest common divisor of 2862 and d.
54
Let a = 278 + -272. Calculate the highest common divisor of 138 and a.
6
Suppose 14*u - 10*u = 420. Calculate the greatest common divisor of 30 and u.
15
Let l(f) be the first derivative of 3*f**2 - 9. Let r be l(1). What is the highest common divisor of 18 and r?
6
Suppose -2*y = y - 12, 5*x = -4*y + 71. Suppose -2*z - 5*c = -32, -5*z - 3*c + 17 = -4*z. What is the highest common factor of x and z?
11
Let f(t) = t**2 - 14*t + 54. Let l be f(7). Calculate the greatest common factor of l and 10.
5
Let l(h) = -120*h**3 - h**2 + 50*h + 50. Let x be l(-1). What is the highest common divisor of x and 408?
17
Let i be -77 - 0 - ((7 - 0) + -4). Let c = 89 + i. Let b be 82 + 0 + -2 + 1. What is the highest common factor of b and c?
9
Suppose 2*d = -4*s + 290, -5*d - 3 - 2 = 0. Calculate the highest common divisor of s and 73.
73
Let k = -55 + 482. Calculate the greatest common factor of 21 and k.
7
Let w(r) = -14*r + 2. Let y be w(-5). Let i = 405 + -297. Calculate the greatest common divisor of i and y.
36
Suppose 0 = 2*v + 10, 4*v = -5*d - 0*d + 5. Let r(b) = -b**3 + 7*b**2 - 5*b - 4. Let a be r(d). Calculate the greatest common divisor of 231 and a.
21
Suppose -7*j + 2*j = 3*z + 33, -3 = j. Let t = -2 - z. Suppose t*q - 2*f - 45 = 3*f, q + f - 18 = 0. What is the greatest common factor of 120 and q?
15
Suppose 889 = 16*v - 791. What is the highest common factor of v and 455?
35
Let t(m) = -2*m**3 - 92*m**2 - 340*m. Let b be t(-42). Let d(r) = -12*r - 3. Let k be d(-2). Calculate the highest common divisor of k and b.
21
Let y = -226 + 338. Calculate the greatest common divisor of y and 48.
16
Let n(r) = -14*r - 3. Let z be ((-8)/6)/((-152)/(-36) + -4). Let a be n(z). What is the greatest common divisor of 9 and a?
9
Let w(t) be the second derivative of 5*t**3/6 - 11*t**2 - 15*t. Let s be w(9). Calculate the greatest common divisor of 92 and s.
23
Let r be (27/(-12))/((-1)/(-8)). Let n be -69*-2*(-3)/r. Suppose -v - 2*v + 207 = 0. What is the greatest common divisor of v and n?
23
Suppose c - v = 1387, 0 = 13*v - 9*v. What is the highest common divisor of 38 and c?
19
Let i = -603 - -746. What is the greatest common divisor of i and 44?
11
Let p(j) = -j**3 + 6*j**2 - 4*j. Suppose 7*x = 8*x - 4. Let g be p(x). Let w = g - -4. What is the greatest common divisor of w and 5?
5
Suppose 1681*k = 1682*k - 14. Calculate the greatest common divisor of 1414 and k.
14
Suppose -5*w = 3*k - 32, w - 6*w + 2*k + 12 = 0. Suppose -2*u + 17 = w*g - 13, -51 = -4*g + 5*u. Calculate the greatest common divisor of g and 81.
9
Let b = -5 + 10. Suppose -b*v + 2*c + 38 = 0, -3*v + 3*c - 43 = -8*v. Let f = -1 + 3. Calculate the greatest common divisor of f and v.
2
Let h = 1185 - 1165. What is the greatest common factor of 2340 and h?
20
Let x(u) = 13*u**2 + 3*u + 12. Let m be x(9). Suppose -m = -4*g + 8*g. Let c be 2/8 + g/(-28). What is the highest common divisor of c and 2?
2
Suppose 65 = 3*l + 2*l + 3*g, -g + 11 = l. Let u be (-8)/l*48/(-2). What is the greatest common divisor of u and 12?
12
Suppose 0 + 3 = a. Suppose 0 = a*h - 185 + 53. What is the greatest common divisor of 4 and h?
4
Suppose 8 = -10*g + 14*g. Suppose 10 - 6 = g*m. Let r be 2740/40 + 1/m. Calculate the greatest common divisor of 46 and r.
23
Let r = 323 + -304. Calculate the highest common divisor of r and 304.
19
Suppose 5*m + 51*c - 80 = 48*c, -5*c + 38 = m. What is the highest common factor of m and 3159?
13
Suppose -4*k + 2*q = -7 - 191, -5 = 5*q. Calculate the highest common factor of 224 and k.
7
Let h(x) = x**2 - x - 2. Let q be